

{"id":7428,"date":"2022-07-15T17:14:56","date_gmt":"2022-07-15T15:14:56","guid":{"rendered":"http:\/\/rozbiorkigryzakow.pl\/?post_type=product&#038;p=7428"},"modified":"2026-04-21T11:11:30","modified_gmt":"2026-04-21T09:11:30","slug":"skora-z-sarny-2","status":"publish","type":"product","link":"https:\/\/rozbiorkigryzakow.pl\/index.php\/produkt\/skora-z-sarny-2\/","title":{"rendered":"Sk\u00f3ra z Sarny"},"content":{"rendered":"<p><span style=\"font-family: var(--font-body, 'Overpass'); letter-spacing: 0px;\">Naturalny gryzak dla miniaturowych i ma\u0142ych piesk\u00f3w, pyszny k\u0105sek dla \u015brednich i wi\u0119kszych<\/span><\/p>\n<p>Tw\u00f3j pies zas\u0142uguje na najlepsze frykasy, dlatego suszona sk\u00f3ra z sarny b\u0119dzie idealnym wyborem. Ma\u0142y i miniaturowy piesek zachwyci si\u0119 smakiem, aromatem i mo\u017cliwo\u015bciami zabawy.<\/p>\n<p>Paski sk\u00f3ry z sarny s\u0105 elastyczne i wystarczaj\u0105co twarde dla ma\u0142ych piesk\u00f3w lub szczeniak\u00f3w. Psi seniorzy ch\u0119tnie je gryz\u0105 i mem\u0142aj\u0105.<\/p>\n<p>Suszona sk\u00f3ra z sarny to tak\u017ce ulubiony przysmak wi\u0119kszych ps\u00f3w. Rozprawi\u0105 si\u0119 z ni\u0105 podczas zabawy, \u0142adnie prosz\u0105c o wi\u0119cej. Je\u015bli chcesz zaj\u0105\u0107 swojego \u015bredniego lub du\u017cego psa na d\u0142u\u017cej, daj mu do zabawy gryzak z poro\u017ca. Z nim mu tak szybko nie p\u00f3jdzie.<\/p>\n<p>Przygotowywane na zam\u00f3wienie zachowuj\u0105 ca\u0142y aromat, kt\u00f3remu \u017caden psiak si\u0119 nie oprze.<\/p>\n<p>Wszystkie gryzaki przygotowuj\u0119 sama, wi\u0119c wiem, \u017ce nie ma w nich zb\u0119dnych polepszaczy, jedynie suszona sk\u00f3ra sarny.<\/p>\n<p>Zdrowe i naturalne gryzaki, na kt\u00f3re zas\u0142uguje Tw\u00f3j pies. W papierowym opakowaniu s\u0105 3 sk\u00f3rki o d\u0142ugo\u015bci 12 &#8211; 15 cm.<\/p>\n<p>Pami\u0119taj, prosz\u0119, \u017ce wszystkie gryzaki ze sk\u00f3ry s\u0105 suszone i przygotowywane specjalnie na Twoje zam\u00f3wienie. Dzi\u0119ki temu pozostaj\u0105 bardzo aromatyczne na d\u0142ugo.<\/p>\n<p><strong>Przesy\u0142ki nadaje w dniach 27-28 kwietnia<\/strong><\/p>\n","protected":false},"excerpt":{"rendered":"<p>Elastyczna a jednak twarda, bardzo aromatyczna, zdrowa bo suszona. Bez zb\u0119dnych polepszaczy. Idealny gryzak dla miniaturowych i ma\u0142ych piesk\u00f3w. <strong><br \/>\n<\/strong><\/p>\n<p><strong>Przesy\u0142ki nadaje w dniach 27-28 kwietnia<\/strong><\/p>\n","protected":false},"featured_media":1964,"template":"","meta":[],"product_brand":[],"product_cat":[15,20],"product_tag":[],"class_list":{"0":"post-7428","1":"product","2":"type-product","3":"status-publish","4":"has-post-thumbnail","6":"product_cat-bez-kategorii","7":"product_cat-skory","9":"first","10":"outofstock","11":"taxable","12":"shipping-taxable","13":"purchasable","14":"product-type-simple"},"jetpack_sharing_enabled":true,"_links":{"self":[{"href":"https:\/\/rozbiorkigryzakow.pl\/index.php\/wp-json\/wp\/v2\/product\/7428","targetHints":{"allow":["GET"]}}],"collection":[{"href":"https:\/\/rozbiorkigryzakow.pl\/index.php\/wp-json\/wp\/v2\/product"}],"about":[{"href":"https:\/\/rozbiorkigryzakow.pl\/index.php\/wp-json\/wp\/v2\/types\/product"}],"wp:featuredmedia":[{"embeddable":true,"href":"https:\/\/rozbiorkigryzakow.pl\/index.php\/wp-json\/wp\/v2\/media\/1964"}],"wp:attachment":[{"href":"https:\/\/rozbiorkigryzakow.pl\/index.php\/wp-json\/wp\/v2\/media?parent=7428"}],"wp:term":[{"taxonomy":"product_brand","embeddable":true,"href":"https:\/\/rozbiorkigryzakow.pl\/index.php\/wp-json\/wp\/v2\/product_brand?post=7428"},{"taxonomy":"product_cat","embeddable":true,"href":"https:\/\/rozbiorkigryzakow.pl\/index.php\/wp-json\/wp\/v2\/product_cat?post=7428"},{"taxonomy":"product_tag","embeddable":true,"href":"https:\/\/rozbiorkigryzakow.pl\/index.php\/wp-json\/wp\/v2\/product_tag?post=7428"}],"curies":[{"name":"wp","href":"https:\/\/api.w.org\/{rel}","templated":true}]}}