

{"id":14076,"date":"2025-12-13T08:43:11","date_gmt":"2025-12-13T07:43:11","guid":{"rendered":"https:\/\/rozbiorkigryzakow.pl\/?post_type=product&#038;p=14076"},"modified":"2026-04-18T13:32:28","modified_gmt":"2026-04-18T11:32:28","slug":"nowosc-suszone-ciastka-z-jeleniny","status":"publish","type":"product","link":"https:\/\/rozbiorkigryzakow.pl\/index.php\/produkt\/nowosc-suszone-ciastka-z-jeleniny\/","title":{"rendered":"NOWO\u015a\u0106 &#8211; Suszone Ciastka z Jeleniny z zio\u0142ami wspieraj\u0105cymi regeneracj\u0119 w\u0105troby."},"content":{"rendered":"<h3 data-start=\"254\" data-end=\"298\"><strong data-start=\"256\" data-end=\"296\">SUSZONE CIASTKA Z JELENINY<\/strong><\/h3>\n<h4 data-start=\"299\" data-end=\"392\">naturalne przysmaki dla ma\u0142ych ps\u00f3w \u2022 bez zb\u00f3\u017c \u2022 r\u0119cznie robione<\/h4>\n<p data-start=\"394\" data-end=\"622\">Ka\u017cde ciastko zaczynam od jednego, porz\u0105dnego kawa\u0142ka jeleniny jako\u015bci <strong data-start=\"467\" data-end=\"482\">human grade<\/strong>. Kroj\u0119 je r\u0119cznie, miel\u0119, susz\u0119 powoli i pilnuj\u0119, \u017ceby by\u0142y lekkie, chrupi\u0105ce i pachn\u0105ce tak, jak lubi\u0105 najbardziej wybredne noski ma\u0142ych piesk\u00f3w.<\/p>\n<p data-start=\"394\" data-end=\"622\"><em><strong>R\u00f3\u017cnica mi\u0119dzy klasycznymi a nowymi ciasteczkami to proces ich przygotowania. Klasyczne s\u0105 pieczone a p\u00f3\u017aniej suszone, natomiast nowe s\u0105 tylko suszone. Skr\u00f3ci\u0142am obr\u00f3bk\u0119 termiczna dla zachowania jak najwi\u0119kszej ilo\u015bci sk\u0142adnik\u00f3w od\u017cywczych.\u00a0<\/strong><\/em><\/p>\n<p data-start=\"624\" data-end=\"719\"><strong data-start=\"729\" data-end=\"766\">Dlaczego idealne dla ma\u0142ych ps\u00f3w?<\/strong><\/p>\n<p data-start=\"624\" data-end=\"719\">Suszone Ciastka z Jeleniny to <strong data-start=\"797\" data-end=\"836\">naturalne przysmaki dla ma\u0142ych ps\u00f3w<\/strong>, stworzone specjalnie z my\u015bl\u0105 o malta\u0144czykach, shih tzu, yorkach i wszystkich delikatnych, wra\u017cliwych brzuszkach.<br data-start=\"950\" data-end=\"953\" \/>Bez zb\u00f3\u017c. Bez m\u0105ki. Bez wype\u0142niaczy.<\/p>\n<h3 data-start=\"624\" data-end=\"719\">Sk\u0142ad to 99% mi\u0119sa z jelenia i 1% zi\u00f3\u0142 wspomagaj\u0105cych prac\u0119 w\u0105troby: ostropest plamisty, mniszek lekarski, korze\u0144 cykorii.<\/h3>\n<hr data-start=\"1123\" data-end=\"1126\" \/>\n<h3 data-start=\"1128\" data-end=\"1164\"><strong data-start=\"1131\" data-end=\"1162\">Korzy\u015bci dla Twojego pieska<\/strong><\/h3>\n<p data-start=\"1165\" data-end=\"1598\">\u2714\ufe0f <strong data-start=\"1168\" data-end=\"1188\">Jelenina premium<\/strong> \u2013 szlachetne, lekkostrawne mi\u0119so dla ps\u00f3w wra\u017cliwych<br data-start=\"1241\" data-end=\"1244\" \/>\u2714\ufe0f <strong data-start=\"1247\" data-end=\"1267\">Ciastka bez zb\u00f3\u017c<\/strong> \u2013 zero glutenu, zero alergen\u00f3w, czysty sk\u0142ad<br data-start=\"1312\" data-end=\"1315\" \/>\u2714\ufe0f <strong data-start=\"1318\" data-end=\"1347\">Naturalny proces suszenia<\/strong> \u2013 bez konserwant\u00f3w, bez chemii<br data-start=\"1378\" data-end=\"1381\" \/>\u2714\ufe0f <strong data-start=\"1384\" data-end=\"1399\">Human grade<\/strong> \u2013 mi\u0119so, kt\u00f3re sama poda\u0142aby\u015b\/ poda\u0142by\u015b swojej rodzinie<br data-start=\"1445\" data-end=\"1448\" \/>\u2714\ufe0f <strong data-start=\"1451\" data-end=\"1474\">Fajna chrupko\u015b\u0107<\/strong> <strong>i twardo\u015b\u0107<\/strong> \u2013 idealna dla ma\u0142ych pyszczk\u00f3w 2\u20136 kg, bez problemu poradzi sobie z nimi szczeniaczek &lt;3<br data-start=\"1512\" data-end=\"1515\" \/>\u2714\ufe0f <strong data-start=\"1518\" data-end=\"1552\">R\u0119czna produkcja na zam\u00f3wienie<\/strong> \u2013 \u015bwie\u017co\u015b\u0107, kt\u00f3rej nie znajdziesz w marketach i sklepach.<\/p>\n<h3 data-start=\"1605\" data-end=\"1625\"><strong data-start=\"1608\" data-end=\"1625\">Jak powstaj\u0105?<\/strong><\/h3>\n<p data-start=\"1626\" data-end=\"1866\">Ka\u017cda partia ciastek powstaje <strong data-start=\"1656\" data-end=\"1690\">dopiero po z\u0142o\u017ceniu zam\u00f3wienia<\/strong>.<br data-start=\"1691\" data-end=\"1694\" \/>Znam \u017ar\u00f3d\u0142o mi\u0119sa, znam parametry suszenia i smaczki s\u0105 pakowane w mojej ma\u0142ej pracowni.\u00a0<br data-start=\"1768\" data-end=\"1771\" \/>Czysto, transparentnie, bezpiecznie \u2014 tak, jak dla w\u0142asnych ps\u00f3w.<\/p>\n<h3 data-start=\"1920\" data-end=\"1939\"><strong data-start=\"1923\" data-end=\"1939\">Jak podawa\u0107?<\/strong><\/h3>\n<p data-start=\"1940\" data-end=\"2095\">1\u20133 ciastka dziennie dla piesk\u00f3w 2\u20136 kg \u2014 jako nagrod\u0119 lub zdrowy przysmak mi\u0119dzy posi\u0142kami.<br data-start=\"2032\" data-end=\"2035\" \/>Po otwarciu zu\u017cyj w 14 dni.<\/p>\n<p data-start=\"1940\" data-end=\"2095\">Opakowanie zawiera 50g ciasteczek &#8211; kilkana\u015bcie sztuk (wi\u0119cej ni\u017c klasycznych ciasteczek)<\/p>\n<p data-start=\"2097\" data-end=\"2150\">Wszystkie smaczki robi\u0119 r\u0119cznie,\u00a0 przesy\u0142ki nadam <strong>27-28 kwietnia<\/strong><\/p>\n","protected":false},"excerpt":{"rendered":"<p>SUSZONE CIASTKA Z JELENINY naturalne przysmaki dla ma\u0142ych ps\u00f3w \u2022 bez zb\u00f3\u017c \u2022 r\u0119cznie robione Ka\u017cde ciastko zaczynam od jednego, porz\u0105dnego kawa\u0142ka jeleniny jako\u015bci human grade. Kroj\u0119 je r\u0119cznie, miel\u0119, susz\u0119 powoli i pilnuj\u0119, \u017ceby by\u0142y lekkie, chrupi\u0105ce i pachn\u0105ce tak, jak lubi\u0105 najbardziej wybredne noski ma\u0142ych piesk\u00f3w. R\u00f3\u017cnica mi\u0119dzy klasycznymi a nowymi ciasteczkami to proces ich przygotowania. Klasyczne s\u0105 pieczone a p\u00f3\u017aniej suszone, natomiast nowe s\u0105 tylko suszone. Skr\u00f3ci\u0142am obr\u00f3bk\u0119 termiczna dla zachowania jak najwi\u0119kszej ilo\u015bci sk\u0142adnik\u00f3w od\u017cywczych.\u00a0 Dlaczego <a class=\"more-link\" href=\"https:\/\/rozbiorkigryzakow.pl\/index.php\/produkt\/nowosc-suszone-ciastka-z-jeleniny\/\">Read More<i class=\"genericon genericon-next\"><\/i><\/a><\/p>\n","protected":false},"featured_media":14079,"template":"","meta":[],"product_brand":[],"product_cat":[15],"product_tag":[],"class_list":{"0":"post-14076","1":"product","2":"type-product","3":"status-publish","4":"has-post-thumbnail","6":"product_cat-bez-kategorii","8":"first","9":"instock","10":"taxable","11":"shipping-taxable","12":"purchasable","13":"product-type-simple"},"jetpack_sharing_enabled":true,"_links":{"self":[{"href":"https:\/\/rozbiorkigryzakow.pl\/index.php\/wp-json\/wp\/v2\/product\/14076","targetHints":{"allow":["GET"]}}],"collection":[{"href":"https:\/\/rozbiorkigryzakow.pl\/index.php\/wp-json\/wp\/v2\/product"}],"about":[{"href":"https:\/\/rozbiorkigryzakow.pl\/index.php\/wp-json\/wp\/v2\/types\/product"}],"wp:featuredmedia":[{"embeddable":true,"href":"https:\/\/rozbiorkigryzakow.pl\/index.php\/wp-json\/wp\/v2\/media\/14079"}],"wp:attachment":[{"href":"https:\/\/rozbiorkigryzakow.pl\/index.php\/wp-json\/wp\/v2\/media?parent=14076"}],"wp:term":[{"taxonomy":"product_brand","embeddable":true,"href":"https:\/\/rozbiorkigryzakow.pl\/index.php\/wp-json\/wp\/v2\/product_brand?post=14076"},{"taxonomy":"product_cat","embeddable":true,"href":"https:\/\/rozbiorkigryzakow.pl\/index.php\/wp-json\/wp\/v2\/product_cat?post=14076"},{"taxonomy":"product_tag","embeddable":true,"href":"https:\/\/rozbiorkigryzakow.pl\/index.php\/wp-json\/wp\/v2\/product_tag?post=14076"}],"curies":[{"name":"wp","href":"https:\/\/api.w.org\/{rel}","templated":true}]}}